 be q(-1). Let k be ((-4)/t - -7)*11/3. Calculate the highest common divisor of k and 231.
33
Let a be (-1 + (-76)/(-6))*21*52/910. Let f be ((-8)/(-10))/(2/140). Calculate the greatest common factor of a and f.
14
Suppose 3*w = 2*j + 154, 3*w = -4*j + 116 + 62. Suppose -3*x + 81 = -441. Suppose w = -d + x. What is the highest common factor of d and 15?
15
Let h be 5 + -1*(-1)/(-1). Suppose -h*z + 3*x = 30, -x = -5 + 3. Let c(o) = 2*o**2 + 9*o + 5. Let n be c(z). What is the highest common divisor of n and 161?
23
Let b(v) = -2*v + 92. Let m be b(0). Let o = 114 - m. Suppose -g - 2 = -2*a - o, 3*g = -a + 95. What is the highest common factor of g and 75?
15
Let l(p) = -375*p - 7870. Let u be l(-21). Suppose 207 = m + 2*m. Let j = m + -14. What is the greatest common divisor of j and u?
5
Suppose 54*y - 18*y = 28*y + 2176. Calculate the greatest common factor of 51 and y.
17
Suppose 35 = -3*j + 5*s, -4*j - 14 + 6 = 3*s. Let d(q) = -48*q - 203. Let t be d(j). What is the greatest common divisor of 185 and t?
37
Let d(u) = u**3 - 45*u**2 + 95*u - 321. Let s be d(43). What is the greatest common factor of s and 9966?
66
Let x be 55/275 + (40/25)/2. Let d(v) = v. Let t be d(0). Suppose y + t*y = 8. Calculate the highest common factor of x and y.
1
Let n be 1016/2 - (-41 + 31). Calculate the greatest common divisor of n and 560.
14
Suppose 0 = 5*f - 2*a - 580, 5*a - 4*a - 241 = -2*f. What is the greatest common factor of f and 6?
2
Suppose -2*v + 329 = 5*v. Let h(m) = -10*m + 2. Let n be h(-4). Let o = v - n. Calculate the highest common divisor of o and 5.
5
Let d(a) = 6*a**2 + 28*a + 163. Let v be d(-7). What is the greatest common divisor of v and 725?
29
Let n = 203 + -138. Suppose -4*x + h = -n, 4*x - 2*h - 77 = -5*h. What is the greatest common factor of 68 and x?
17
Let g = 15 + 6. Let c(u) = -2*u + 42. Let z be (2 - (1 + 1))*28/(-140). Let i be c(z). Calculate the highest common factor of g and i.
21
Let k be 16*((-1)/(-4) - 8/(-32)). Suppose -k*f + 133 = -6*f - 3*c, 0 = -3*c - 3. Let u = 26 - 13. Calculate the greatest common factor of u and f.
13
Let y(t) = -3*t**2 + 15*t - 8. Let z be y(4). Suppose -3*w - 5*u = w - 24, -2*w + 18 = z*u. What is the highest common divisor of w and 13?
1
Let l = -135 + 189. Let z(p) = -p**2 + 9*p - 14. Let k be z(6). Let o be -2 + 4/1 + k. Calculate the highest common factor of o and l.
6
Suppose j - 59 = 366. Let l(r) = -2*r**2 - 89*r - 41. Let n be l(-44). Suppose j = n*m - 88. What is the highest common divisor of 19 and m?
19
Let u(x) = x**3 + 21*x**2 - 94*x + 154. Let w be u(-25). Let p be 108/(4 + (-13)/4). What is the highest common factor of w and p?
4
Let v(n) = -317*n**3 - 17*n**2 + 3*n + 18. Let i be v(-1). Let m be (0 + 2 - 2) + 175. Calculate the greatest common divisor of i and m.
35
Let d be 1*(0 - (-1 + -1)). Let t be 11 - (0 - 3) - (195 + -185). Calculate the greatest common divisor of t and d.
2
Let r(b) = -b**3 - 20*b**2 + 18*b + 2. Let f be (-2061)/99 + 14/(-77). Let g be r(f). What is the greatest common factor of 13 and g?
13
Let t be 3/((-7)/(4760/(-12)))*10/25. Suppose 3*f + 2*f = 2380. What is the highest common factor of f and t?
68
Suppose 0 = -t - 3*a + 58 + 2, 3 = -3*a. Let h be (8 - 16) + 1 + 52. Calculate the greatest common divisor of h and t.
9
Let d be 71369/345 - (-2)/15. Let y = d - 117. Suppose -5*i = -4*i - 45. What is the greatest common divisor of i and y?
45
Suppose 0 = 6*c - 1034 + 314. Suppose 0 = -3*f - 3*d + 120, -6*d + c = 3*f - 4*d. Suppose -100 = -3*x + 2*x. Calculate the highest common divisor of x and f.
20
Let n = 319 - 317. Suppose 3*v + n*b = -0*b + 53, -69 = -4*v - 3*b. What is the highest common factor of 189 and v?
21
Suppose u + 3*u = 8. Suppose -4*p + 3*t = -220, -4*t = u*p - t - 92. Suppose 2038 = -37*o + 6848. Calculate the highest common factor of p and o.
26
Let u be (-1)/(-7)*2 - 135/7. Let q = -17 - u. Let t be (7 + 0)/(1/q). Calculate the greatest common divisor of t and 35.
7
Let l be (-187)/(-68) - (-2)/8. Suppose 0*v - 486 = -v + 2*y, l*v = 3*y + 1449. What is the greatest common factor of v and 30?
30
Let s be 0/(-15 + 20 + -1*4). Suppose n + 7 - 85 = s. Calculate the greatest common factor of 12 and n.
6
Suppose 7*r = -r - 5*j + 6, -2*r - 2*j = 0. Let z = -21 + 39. Calculate the greatest common factor of z and r.
2
Let z(v) = 119*v - 1075. Let n be z(10). Calculate the highest common divisor of n and 4945.
115
Suppose -21*w + 46706 = -3*w - 13486. What is the greatest common divisor of w and 24?
8
Let a = -190 + 195. Suppose -k - 35 = -a*i + 4*k, -32 = -4*i + 5*k. What is the highest common divisor of i and 72?
3
Let h(s) = -s**2 - 11*s - 18. Let n be h(-4). Suppose 0 = -n*c + 630 + 20. Suppose 0 = -5*d - 8 + 268. Calculate the greatest common factor of d and c.
13
Let j(z) = 2*z + 4. Let l be j(4). Let p(x) = -7*x**2 + 1097*x - 696. Let k be p(156). What is the greatest common factor of k and l?
12
Let i be 94 - (4 + -5 + 5). Suppose -913*l = -926*l + 5070. What is the greatest common divisor of i and l?
30
Suppose 30 = 16*d - 34. Suppose 5*l + 95 = 2*x + d, -4*x - l = -237. Calculate the highest common divisor of x and 29.
29
Suppose -3*q - 5*a = -107, a + 490 = -2*q + 566. Suppose 2*g - 596 = 3*d + 37, 5*g = -5*d + 1545. What is the highest common factor of g and q?
39
Suppose -k + 2*j = -5, 6*k - 2*j - 14 = 2*k. Suppose o + 1 = 0, k*x + 8*o = 5*o + 57. Calculate the greatest common divisor of x and 70.
10
Let l(p) = p**3 + 82*p**2 + 73*p - 588. Let w be l(-81). What is the greatest common factor of w and 735?
15
Let c be 2 - (-195)/24 - (-1)/(-8). Suppose c*g - 70 = 160. What is the highest common divisor of g and 3?
1
Suppose 110*q + 1 = 111*q. Let j(f) = 58*f - 18. Let c be j(q). Calculate the highest common factor of c and 360.
40
Let z be (-8)/2*(-116)/16. Let j(w) = 4*w**2 + 84*w - 29. Let h be j(-24). Let o = h + -56. What is the highest common factor of z and o?
29
Suppose 2*a = -12, -4*a = -4*d + 30 + 1274. What is the greatest common factor of 820 and d?
20
Suppose -4*w = -4*l + 4503 + 9317, -2*l + 6931 = 5*w. Calculate the greatest common divisor of 14 and l.
14
Let k = -151 + 156. Suppose -2*g - 517 = -7*g + 3*o, o + 519 = k*g. What is the highest common divisor of 156 and g?
52
Suppose 122*a - 119*a = 420. What is the highest common divisor of a and 110?
10
Suppose -3*w - 4*r = -14, 3 = 2*w - w + r. Let v be ((-1 + w)*-23)/((-3)/(-18)). Calculate the greatest common factor of v and 46.
46
Let x = 9072 - 9036. Calculate the greatest common divisor of 750 and x.
6
Suppose -142*t + 109*t = -429. Calculate the highest common factor of t and 10907.
13
Let o = -11501 - -36589. What is the greatest common divisor of 16 and o?
16
Let x(o) = -713*o - 42758. Let v be x(-60). Suppose 0 = -4*i + 252 + 12. What is the greatest common factor of v and i?
22
Suppose -4*n - 28 = 4*k - 8*k, 4*n + 22 = 3*k. Let b be (2/(k/55))/(6/90). What is the highest common factor of 11 and b?
11
Let z be ((3 - 2) + 1)*4. Suppose 7*t - 15 = 2*t. Let g be ((-78)/(-4) - t)/((-33)/(-176)). Calculate the greatest common divisor of g and z.
8
Suppose 116 = 18*l - 10. Suppose q + 72 = l*q. What is the greatest common divisor of q and 12?
12
Let x = 167 + -233. Let b be 14/(-77) + (-3378)/x. What is the greatest common divisor of 9 and b?
3
Suppose -2*g + 4*y = -1428, -76*y - 2150 = -3*g - 74*y. Calculate the highest common divisor of g and 2.
2
Suppose -2*w + 5*f = -3*w + 3, -5*w + 2*f = -42. Let n = 153 - 238. Let c = n + 141. Calculate the greatest common factor of c and w.
8
Suppose -2*z - 262 = -4*t + 3*t, -t + 520 = -4*z. Let u = z - -134. Calculate the highest common divisor of u and 10.
5
Let j = 431 + -397. Suppose -19*i + 1125 = -j. What is the highest common factor of 488 and i?
61
Let i be (-248)/(-3)*((-150)/(-12) - -25). Calculate the greatest common factor of i and 2700.
100
Let c = 153 + -157. Let r(n) = -2*n + 4. Let p be r(c). Calculate the greatest common divisor of 3 and p.
3
Let s be 3504*((-171)/(-108) + 4/(-16)). Calculate the highest common factor of 16 and s.
16
Let z = 65 - -13. Suppose -4*f + 58 + z = 4*m, 4*m - 104 = -3*f. Suppose -12*s + 282 = -294. What is the highest common divisor of s and f?
16
Suppose -5*o = -5 - 10. Suppos